{"id":3601,"date":"2025-05-16T14:33:24","date_gmt":"2025-05-16T13:33:24","guid":{"rendered":"https:\/\/duengebedarf.de\/?page_id=3601"},"modified":"2025-07-20T10:04:31","modified_gmt":"2025-07-20T09:04:31","slug":"testseite","status":"publish","type":"page","link":"https:\/\/duengebedarf.de\/?page_id=3601","title":{"rendered":"Bilder und Icons"},"content":{"rendered":"\n<div class=\"wp-block-group alignfull has-base-background-color has-background has-global-padding is-layout-constrained wp-container-core-group-is-layout-23b1a4dc wp-block-group-is-layout-constrained wp-container-1 is-position-sticky\" style=\"padding-top:var(--wp--preset--spacing--30);padding-right:var(--wp--preset--spacing--30);padding-bottom:var(--wp--preset--spacing--30);padding-left:var(--wp--preset--spacing--30)\">\n<div class=\"wp-block-group alignwide is-content-justification-center is-layout-flex wp-container-core-group-is-layout-c124d1c4 wp-block-group-is-layout-flex\"><div class=\"wp-block-site-logo\"><a href=\"https:\/\/duengebedarf.de\/\" class=\"custom-logo-link\" rel=\"home\"><img loading=\"lazy\" decoding=\"async\" width=\"50\" height=\"50\" src=\"https:\/\/duengebedarf.de\/wp-content\/uploads\/2025\/05\/agriculture-e1747817370230.png\" class=\"custom-logo\" alt=\"Landwirtschaftliche Beratung\" srcset=\"https:\/\/duengebedarf.de\/wp-content\/uploads\/2025\/05\/agriculture-e1747817370230.png 466w, https:\/\/duengebedarf.de\/wp-content\/uploads\/2025\/05\/agriculture-e1747817370230-300x300.png 300w, https:\/\/duengebedarf.de\/wp-content\/uploads\/2025\/05\/agriculture-e1747817370230-150x150.png 150w\" sizes=\"auto, (max-width: 50px) 100vw, 50px\" \/><\/a><\/div>\n\n<h1 class=\"has-link-color wp-elements-e806405d2e92c7317708c7a366342727 wp-block-site-title has-large-font-size\"><a href=\"https:\/\/duengebedarf.de\" target=\"_self\" rel=\"home\">Landwirtschaftliche Beratung<\/a><\/h1><\/div>\n<\/div>\n\n\n\n<div style=\"height:100px\" aria-hidden=\"true\" class=\"wp-block-spacer\"><\/div>\n\n\n\n<h2 class=\"wp-block-heading\">Bilder und Icons<\/h2>\n\n\n\n<p>Quellenabgaben zu allen auf der Webseite verwendeten Bildern und Icons\/ Logos<\/p>\n\n\n\n<figure class=\"wp-block-table alignwide\"><table class=\"has-fixed-layout\"><tbody><tr><td>Logo\/Icon rund mit Pfl\u00e4nzchen<\/td><td><a href=\"https:\/\/www.flaticon.com\/free-icon\/agriculture_3980036?term=agriculture&amp;page=1&amp;position=1&amp;origin=tag&amp;related_id=3980036\" target=\"_blank\" rel=\"noreferrer noopener\">Flaticon<\/a><\/td><\/tr><tr><td>Hintergrund Startseite Felder<\/td><td>Foto von <a href=\"https:\/\/unsplash.com\/de\/@dev_qube?utm_content=creditCopyText&amp;utm_medium=referral&amp;utm_source=unsplash\" target=\"_blank\" rel=\"noreferrer noopener\">Yulian Alexeyev<\/a> auf <a href=\"https:\/\/unsplash.com\/de\/fotos\/luftaufnahme-des-feldes-xDLEUTWCZdc?utm_content=creditCopyText&amp;utm_medium=referral&amp;utm_source=unsplash\" target=\"_blank\" rel=\"noreferrer noopener\">Unsplash<\/a><\/td><\/tr><tr><td>Traktor mit gelbem Anh\u00e4nger<\/td><td>Foto von <a href=\"https:\/\/unsplash.com\/de\/@jimbob63?utm_content=creditCopyText&amp;utm_medium=referral&amp;utm_source=unsplash\" target=\"_blank\" rel=\"noreferrer noopener\">James Baltz<\/a> auf <a href=\"https:\/\/unsplash.com\/de\/fotos\/ein-paar-landmaschinen-auf-einem-feld-ch1kOhA5_XM?utm_content=creditCopyText&amp;utm_medium=referral&amp;utm_source=unsplash\" target=\"_blank\" rel=\"noreferrer noopener\">Unsplash<\/a><\/td><\/tr><tr><td>Leistungen D\u00fcngemittelbedarfsplanung: Maispflanzen klein<\/td><td>Foto von <a href=\"https:\/\/unsplash.com\/de\/@sweeksco?utm_content=creditCopyText&amp;utm_medium=referral&amp;utm_source=unsplash\" target=\"_blank\" rel=\"noreferrer noopener\">Steven Weeks<\/a> auf <a href=\"https:\/\/unsplash.com\/de\/fotos\/grune-pflanze-auf-braunem-boden-DUPFowqI6oI?utm_content=creditCopyText&amp;utm_medium=referral&amp;utm_source=unsplash\" target=\"_blank\" rel=\"noreferrer noopener\">Unsplash<\/a><\/td><\/tr><tr><td>Leistungen Mehrfachantrag: Regal mit Ordnern<\/td><td>Foto von <a href=\"https:\/\/unsplash.com\/de\/@viktortalashuk?utm_content=creditCopyText&amp;utm_medium=referral&amp;utm_source=unsplash\" target=\"_blank\" rel=\"noreferrer noopener\">Viktor Talashuk<\/a> auf <a href=\"https:\/\/unsplash.com\/de\/fotos\/sortierte-dateien-05HLFQu8bFw?utm_content=creditCopyText&amp;utm_medium=referral&amp;utm_source=unsplash\" target=\"_blank\" rel=\"noreferrer noopener\">Unsplash<\/a><\/td><\/tr><tr><td>Leistungen 170 N Berechnung: Traktor mit G\u00fcllefass<\/td><td>Foto von <a href=\"https:\/\/unsplash.com\/de\/@etiennegirardet?utm_content=creditCopyText&amp;utm_medium=referral&amp;utm_source=unsplash\" target=\"_blank\" rel=\"noreferrer noopener\">Etienne Girardet<\/a> auf <a href=\"https:\/\/unsplash.com\/de\/fotos\/brauner-traktor-auf-grunem-rasen-_Fp3YZ7lt-Y?utm_content=creditCopyText&amp;utm_medium=referral&amp;utm_source=unsplash\" target=\"_blank\" rel=\"noreferrer noopener\">Unsplash<\/a><\/td><\/tr><tr><td>Leistungen QM Kontrollpapiere: Taschenrechner<\/td><td>Foto von <a href=\"https:\/\/unsplash.com\/de\/@jakubzerdzicki?utm_content=creditCopyText&amp;utm_medium=referral&amp;utm_source=unsplash\" target=\"_blank\" rel=\"noreferrer noopener\">Jakub \u017berdzicki<\/a> auf <a href=\"https:\/\/unsplash.com\/de\/fotos\/ein-taschenrechner-der-auf-einem-tisch-neben-einem-laptop-steht-8wLZi9OhsWU?utm_content=creditCopyText&amp;utm_medium=referral&amp;utm_source=unsplash\" target=\"_blank\" rel=\"noreferrer noopener\">Unsplash<\/a><\/td><\/tr><tr><td>D\u00fcngemittelbedarfsplanung: Maiskolben<\/td><td>Foto von <a href=\"https:\/\/unsplash.com\/de\/@katerinalandia?utm_content=creditCopyText&amp;utm_medium=referral&amp;utm_source=unsplash\" target=\"_blank\" rel=\"noreferrer noopener\">Katherine Volkovski<\/a> auf <a href=\"https:\/\/unsplash.com\/de\/fotos\/grune-maispflanze-Q_MJjEN14uk?utm_content=creditCopyText&amp;utm_medium=referral&amp;utm_source=unsplash\" target=\"_blank\" rel=\"noreferrer noopener\">Unsplash<\/a><\/td><\/tr><tr><td>Mehrfachantrag: Dokumentenstapel<\/td><td>Foto von <a href=\"https:\/\/unsplash.com\/de\/@wesleyphotography?utm_content=creditCopyText&amp;utm_medium=referral&amp;utm_source=unsplash\" target=\"_blank\" rel=\"noreferrer noopener\">Wesley Tingey<\/a> auf <a href=\"https:\/\/unsplash.com\/de\/fotos\/stapel-bucher-auf-dem-tisch-snNHKZ-mGfE?utm_content=creditCopyText&amp;utm_medium=referral&amp;utm_source=unsplash\" target=\"_blank\" rel=\"noreferrer noopener\">Unsplash<\/a><\/td><\/tr><tr><td>170 N Berechnung: K\u00fche<\/td><td>Foto von <a href=\"https:\/\/unsplash.com\/de\/@olivialu10?utm_content=creditCopyText&amp;utm_medium=referral&amp;utm_source=unsplash\" target=\"_blank\" rel=\"noreferrer noopener\">Olivia Anne Snyder<\/a> auf <a href=\"https:\/\/unsplash.com\/de\/fotos\/drei-braune-und-schwarze-rinder-auf-einer-wiese-neben-baumen-qh2wpkecOZM?utm_content=creditCopyText&amp;utm_medium=referral&amp;utm_source=unsplash\" target=\"_blank\" rel=\"noreferrer noopener\">Unsplash<\/a><\/td><\/tr><tr><td>QM Kontrollpapiere: Stempel<\/td><td>Foto von <a href=\"https:\/\/unsplash.com\/de\/@markusspiske?utm_content=creditCopyText&amp;utm_medium=referral&amp;utm_source=unsplash\" target=\"_blank\" rel=\"noreferrer noopener\">Markus Spiske<\/a> auf <a href=\"https:\/\/unsplash.com\/de\/fotos\/braunes-holzhandwerkzeug-auf-weissem-druckerpapier-7PMGUqYQpYc?utm_content=creditCopyText&amp;utm_medium=referral&amp;utm_source=unsplash\" target=\"_blank\" rel=\"noreferrer noopener\">Unsplash<\/a><\/td><\/tr><tr><td>\u00dcber mich: Person<\/td><td>Foto von <a href=\"https:\/\/unsplash.com\/de\/@sooprun?utm_content=creditCopyText&amp;utm_medium=referral&amp;utm_source=unsplash\" target=\"_blank\" rel=\"noreferrer noopener\">Alex Suprun<\/a> auf <a href=\"https:\/\/unsplash.com\/de\/fotos\/ein-mann-steht-vor-einer-roten-ampel-1JGHAAdbL_Y?utm_content=creditCopyText&amp;utm_medium=referral&amp;utm_source=unsplash\" target=\"_blank\" rel=\"noreferrer noopener\">Unsplash<\/a><\/td><\/tr><tr><td>Kontakt: Telefon\/Brief Icon<\/td><td><a href=\"https:\/\/www.flaticon.com\/free-icon\/contact-mail_3095583?related_id=3095583\" target=\"_blank\" rel=\"noreferrer noopener\">Flaticon<\/a><\/td><\/tr><tr><td>H\u00e4ufig gestellte Fragen: Sprechblasen Icon<\/td><td><a href=\"https:\/\/www.flaticon.com\/free-icon\/question_2915475?term=help&amp;page=1&amp;position=69&amp;origin=search&amp;related_id=2915475\" target=\"_blank\" rel=\"noreferrer noopener\">Flaticon<\/a><\/td><\/tr><\/tbody><\/table><\/figure>\n","protected":false},"excerpt":{"rendered":"<p>Bilder und Icons Quellenabgaben zu allen auf der Webseite verwendeten Bildern und Icons\/ Logos Logo\/Icon rund mit Pfl\u00e4nzchen Flaticon Hintergrund Startseite Felder Foto von Yulian Alexeyev auf Unsplash Traktor mit gelbem Anh\u00e4nger Foto von James Baltz auf Unsplash Leistungen D\u00fcngemittelbedarfsplanung: Maispflanzen klein Foto von Steven Weeks auf Unsplash Leistungen Mehrfachantrag: Regal mit Ordnern Foto von [&hellip;]<\/p>\n","protected":false},"author":1,"featured_media":0,"parent":0,"menu_order":0,"comment_status":"closed","ping_status":"closed","template":"page-no-title","meta":{"footnotes":""},"class_list":["post-3601","page","type-page","status-publish","hentry"],"yoast_head":"<!-- This site is optimized with the Yoast SEO plugin v26.0 - https:\/\/yoast.com\/wordpress\/plugins\/seo\/ -->\n<title>Bilder und Icons - Landwirtschaftliche Beratung<\/title>\n<meta name=\"robots\" content=\"index, follow, max-snippet:-1, max-image-preview:large, max-video-preview:-1\" \/>\n<link rel=\"canonical\" href=\"https:\/\/duengebedarf.de\/?page_id=3601\" \/>\n<meta property=\"og:locale\" content=\"de_DE\" \/>\n<meta property=\"og:type\" content=\"article\" \/>\n<meta property=\"og:title\" content=\"Bilder und Icons - Landwirtschaftliche Beratung\" \/>\n<meta property=\"og:description\" content=\"Bilder und Icons Quellenabgaben zu allen auf der Webseite verwendeten Bildern und Icons\/ Logos Logo\/Icon rund mit Pfl\u00e4nzchen Flaticon Hintergrund Startseite Felder Foto von Yulian Alexeyev auf Unsplash Traktor mit gelbem Anh\u00e4nger Foto von James Baltz auf Unsplash Leistungen D\u00fcngemittelbedarfsplanung: Maispflanzen klein Foto von Steven Weeks auf Unsplash Leistungen Mehrfachantrag: Regal mit Ordnern Foto von [&hellip;]\" \/>\n<meta property=\"og:url\" content=\"https:\/\/duengebedarf.de\/?page_id=3601\" \/>\n<meta property=\"og:site_name\" content=\"Landwirtschaftliche Beratung\" \/>\n<meta property=\"article:modified_time\" content=\"2025-07-20T09:04:31+00:00\" \/>\n<meta name=\"twitter:card\" content=\"summary_large_image\" \/>\n<meta name=\"twitter:label1\" content=\"Gesch\u00e4tzte Lesezeit\" \/>\n\t<meta name=\"twitter:data1\" content=\"1\u00a0Minute\" \/>\n<script type=\"application\/ld+json\" class=\"yoast-schema-graph\">{\"@context\":\"https:\/\/schema.org\",\"@graph\":[{\"@type\":\"WebPage\",\"@id\":\"https:\/\/duengebedarf.de\/?page_id=3601\",\"url\":\"https:\/\/duengebedarf.de\/?page_id=3601\",\"name\":\"Bilder und Icons - Landwirtschaftliche Beratung\",\"isPartOf\":{\"@id\":\"https:\/\/duengebedarf.de\/#website\"},\"datePublished\":\"2025-05-16T13:33:24+00:00\",\"dateModified\":\"2025-07-20T09:04:31+00:00\",\"breadcrumb\":{\"@id\":\"https:\/\/duengebedarf.de\/?page_id=3601#breadcrumb\"},\"inLanguage\":\"de\",\"potentialAction\":[{\"@type\":\"ReadAction\",\"target\":[\"https:\/\/duengebedarf.de\/?page_id=3601\"]}]},{\"@type\":\"BreadcrumbList\",\"@id\":\"https:\/\/duengebedarf.de\/?page_id=3601#breadcrumb\",\"itemListElement\":[{\"@type\":\"ListItem\",\"position\":1,\"name\":\"Startseite\",\"item\":\"https:\/\/duengebedarf.de\/\"},{\"@type\":\"ListItem\",\"position\":2,\"name\":\"Bilder und Icons\"}]},{\"@type\":\"WebSite\",\"@id\":\"https:\/\/duengebedarf.de\/#website\",\"url\":\"https:\/\/duengebedarf.de\/\",\"name\":\"Landwirtschaftliche Beratung\",\"description\":\"D\u00fcngemittelbedarfsberechnung - 170 N Berechnung - Mehrfachantrag - QM Kontrollpapiere\",\"publisher\":{\"@id\":\"https:\/\/duengebedarf.de\/#organization\"},\"potentialAction\":[{\"@type\":\"SearchAction\",\"target\":{\"@type\":\"EntryPoint\",\"urlTemplate\":\"https:\/\/duengebedarf.de\/?s={search_term_string}\"},\"query-input\":{\"@type\":\"PropertyValueSpecification\",\"valueRequired\":true,\"valueName\":\"search_term_string\"}}],\"inLanguage\":\"de\"},{\"@type\":\"Organization\",\"@id\":\"https:\/\/duengebedarf.de\/#organization\",\"name\":\"Landwirtschaftliche Beratung\",\"url\":\"https:\/\/duengebedarf.de\/\",\"logo\":{\"@type\":\"ImageObject\",\"inLanguage\":\"de\",\"@id\":\"https:\/\/duengebedarf.de\/#\/schema\/logo\/image\/\",\"url\":\"https:\/\/duengebedarf.de\/wp-content\/uploads\/2025\/05\/agriculture-e1747817370230.png\",\"contentUrl\":\"https:\/\/duengebedarf.de\/wp-content\/uploads\/2025\/05\/agriculture-e1747817370230.png\",\"width\":466,\"height\":467,\"caption\":\"Landwirtschaftliche Beratung\"},\"image\":{\"@id\":\"https:\/\/duengebedarf.de\/#\/schema\/logo\/image\/\"}}]}<\/script>\n<!-- \/ Yoast SEO plugin. -->","yoast_head_json":{"title":"Bilder und Icons - Landwirtschaftliche Beratung","robots":{"index":"index","follow":"follow","max-snippet":"max-snippet:-1","max-image-preview":"max-image-preview:large","max-video-preview":"max-video-preview:-1"},"canonical":"https:\/\/duengebedarf.de\/?page_id=3601","og_locale":"de_DE","og_type":"article","og_title":"Bilder und Icons - Landwirtschaftliche Beratung","og_description":"Bilder und Icons Quellenabgaben zu allen auf der Webseite verwendeten Bildern und Icons\/ Logos Logo\/Icon rund mit Pfl\u00e4nzchen Flaticon Hintergrund Startseite Felder Foto von Yulian Alexeyev auf Unsplash Traktor mit gelbem Anh\u00e4nger Foto von James Baltz auf Unsplash Leistungen D\u00fcngemittelbedarfsplanung: Maispflanzen klein Foto von Steven Weeks auf Unsplash Leistungen Mehrfachantrag: Regal mit Ordnern Foto von [&hellip;]","og_url":"https:\/\/duengebedarf.de\/?page_id=3601","og_site_name":"Landwirtschaftliche Beratung","article_modified_time":"2025-07-20T09:04:31+00:00","twitter_card":"summary_large_image","twitter_misc":{"Gesch\u00e4tzte Lesezeit":"1\u00a0Minute"},"schema":{"@context":"https:\/\/schema.org","@graph":[{"@type":"WebPage","@id":"https:\/\/duengebedarf.de\/?page_id=3601","url":"https:\/\/duengebedarf.de\/?page_id=3601","name":"Bilder und Icons - Landwirtschaftliche Beratung","isPartOf":{"@id":"https:\/\/duengebedarf.de\/#website"},"datePublished":"2025-05-16T13:33:24+00:00","dateModified":"2025-07-20T09:04:31+00:00","breadcrumb":{"@id":"https:\/\/duengebedarf.de\/?page_id=3601#breadcrumb"},"inLanguage":"de","potentialAction":[{"@type":"ReadAction","target":["https:\/\/duengebedarf.de\/?page_id=3601"]}]},{"@type":"BreadcrumbList","@id":"https:\/\/duengebedarf.de\/?page_id=3601#breadcrumb","itemListElement":[{"@type":"ListItem","position":1,"name":"Startseite","item":"https:\/\/duengebedarf.de\/"},{"@type":"ListItem","position":2,"name":"Bilder und Icons"}]},{"@type":"WebSite","@id":"https:\/\/duengebedarf.de\/#website","url":"https:\/\/duengebedarf.de\/","name":"Landwirtschaftliche Beratung","description":"D\u00fcngemittelbedarfsberechnung - 170 N Berechnung - Mehrfachantrag - QM Kontrollpapiere","publisher":{"@id":"https:\/\/duengebedarf.de\/#organization"},"potentialAction":[{"@type":"SearchAction","target":{"@type":"EntryPoint","urlTemplate":"https:\/\/duengebedarf.de\/?s={search_term_string}"},"query-input":{"@type":"PropertyValueSpecification","valueRequired":true,"valueName":"search_term_string"}}],"inLanguage":"de"},{"@type":"Organization","@id":"https:\/\/duengebedarf.de\/#organization","name":"Landwirtschaftliche Beratung","url":"https:\/\/duengebedarf.de\/","logo":{"@type":"ImageObject","inLanguage":"de","@id":"https:\/\/duengebedarf.de\/#\/schema\/logo\/image\/","url":"https:\/\/duengebedarf.de\/wp-content\/uploads\/2025\/05\/agriculture-e1747817370230.png","contentUrl":"https:\/\/duengebedarf.de\/wp-content\/uploads\/2025\/05\/agriculture-e1747817370230.png","width":466,"height":467,"caption":"Landwirtschaftliche Beratung"},"image":{"@id":"https:\/\/duengebedarf.de\/#\/schema\/logo\/image\/"}}]}},"_links":{"self":[{"href":"https:\/\/duengebedarf.de\/index.php?rest_route=\/wp\/v2\/pages\/3601","targetHints":{"allow":["GET"]}}],"collection":[{"href":"https:\/\/duengebedarf.de\/index.php?rest_route=\/wp\/v2\/pages"}],"about":[{"href":"https:\/\/duengebedarf.de\/index.php?rest_route=\/wp\/v2\/types\/page"}],"author":[{"embeddable":true,"href":"https:\/\/duengebedarf.de\/index.php?rest_route=\/wp\/v2\/users\/1"}],"replies":[{"embeddable":true,"href":"https:\/\/duengebedarf.de\/index.php?rest_route=%2Fwp%2Fv2%2Fcomments&post=3601"}],"version-history":[{"count":8,"href":"https:\/\/duengebedarf.de\/index.php?rest_route=\/wp\/v2\/pages\/3601\/revisions"}],"predecessor-version":[{"id":3834,"href":"https:\/\/duengebedarf.de\/index.php?rest_route=\/wp\/v2\/pages\/3601\/revisions\/3834"}],"wp:attachment":[{"href":"https:\/\/duengebedarf.de\/index.php?rest_route=%2Fwp%2Fv2%2Fmedia&parent=3601"}],"curies":[{"name":"wp","href":"https:\/\/api.w.org\/{rel}","templated":true}]}}